{"id":556,"date":"2013-03-18T09:58:35","date_gmt":"2013-03-18T08:58:35","guid":{"rendered":"http:\/\/www.epilepsija.hr\/?page_id=556"},"modified":"2020-08-17T11:34:23","modified_gmt":"2020-08-17T10:34:23","slug":"savjetovaliste","status":"publish","type":"page","link":"https:\/\/www.epilepsija.hr\/?page_id=556","title":{"rendered":"Savjetovali\u0161ta"},"content":{"rendered":"<p>SAVJETOVALI\u0160TE ZA EPILEPSIJU<a href=\"https:\/\/www.epilepsija.hr\/wp-content\/uploads\/2013\/03\/counselor.jpg\"><img loading=\"lazy\" decoding=\"async\" class=\"alignright wp-image-557 size-thumbnail\" src=\"https:\/\/www.epilepsija.hr\/wp-content\/uploads\/2013\/03\/counselor-150x150.jpg\" alt=\"counselor\" width=\"150\" height=\"150\"><\/a><\/p>\n<p>Ako vam je potrebna dodatna pomo\u0107 u rje\u0161avanju razli\u010ditih osobnih ili obiteljskih problema koji \u010desto&nbsp;prate epilepsiju, a koji se obi\u010dno ne rje\u0161avaju u specijalisti\u010dkim ambulantama, mo\u017eete se javiti u Savjetovali\u0161te gdje \u0107emo vam pru\u017eiti odgovaraju\u0107u stru\u010dnu pomo\u0107.<\/p>\n<p>U Savjetovali\u0161ta se mo\u017eete telefonski naru\u010diti radnim danom prijepodne:<\/p>\n<p><span style=\"text-decoration: underline;\">Za odrasle osobe:<\/span><\/p>\n<p>KB \u201eSveti Duh\u201c, Klinika za neurologiju, Sveti Duh 64, Zagreb:&nbsp;&nbsp;&nbsp;&nbsp;01&nbsp; 37&nbsp; 12 115, 091\/3712 313<\/p>\n<p>Referentni centar za epilepsije MZRH,&nbsp;KBC Zagreb, Ki\u0161pati\u0107eva&nbsp;12:&nbsp; 01 2376 574<\/p>\n<p>KBC Osijek, Klinika za neurologiju, Huttlerova 4, Osijek:&nbsp;&nbsp;&nbsp;&nbsp;031&nbsp; 512 362<\/p>\n<p><span style=\"text-decoration: underline;\">Za djecu:<\/span><\/p>\n<p>KBC Sestre milosrdnice, Klinika za pedijatriju, Vinogradska 29, Zagreb:&nbsp;&nbsp; 01&nbsp; 37 87 351<\/p>\n<p>&nbsp;<\/p>\n","protected":false},"excerpt":{"rendered":"<p>SAVJETOVALI\u0160TE ZA EPILEPSIJU Ako vam je potrebna dodatna pomo\u0107 u rje\u0161avanju razli\u010ditih osobnih ili obiteljskih problema koji \u010desto&nbsp;prate epilepsiju, a koji se obi\u010dno ne rje\u0161avaju u specijalisti\u010dkim ambulantama, mo\u017eete se javiti u Savjetovali\u0161te gdje \u0107emo vam pru\u017eiti odgovaraju\u0107u stru\u010dnu pomo\u0107. U Savjetovali\u0161ta se mo\u017eete telefonski naru\u010diti radnim danom prijepodne: Za odrasle osobe: KB \u201eSveti Duh\u201c, &hellip; <a href=\"https:\/\/www.epilepsija.hr\/?page_id=556\" class=\"more-link\">Nastavi \u010ditati <span class=\"screen-reader-text\">Savjetovali\u0161ta<\/span> <span class=\"meta-nav\">&rarr;<\/span><\/a><\/p>\n","protected":false},"author":1,"featured_media":0,"parent":0,"menu_order":6,"comment_status":"closed","ping_status":"closed","template":"","meta":{"footnotes":""},"_links":{"self":[{"href":"https:\/\/www.epilepsija.hr\/index.php?rest_route=\/wp\/v2\/pages\/556"}],"collection":[{"href":"https:\/\/www.epilepsija.hr\/index.php?rest_route=\/wp\/v2\/pages"}],"about":[{"href":"https:\/\/www.epilepsija.hr\/index.php?rest_route=\/wp\/v2\/types\/page"}],"author":[{"embeddable":true,"href":"https:\/\/www.epilepsija.hr\/index.php?rest_route=\/wp\/v2\/users\/1"}],"replies":[{"embeddable":true,"href":"https:\/\/www.epilepsija.hr\/index.php?rest_route=%2Fwp%2Fv2%2Fcomments&post=556"}],"version-history":[{"count":14,"href":"https:\/\/www.epilepsija.hr\/index.php?rest_route=\/wp\/v2\/pages\/556\/revisions"}],"predecessor-version":[{"id":3290,"href":"https:\/\/www.epilepsija.hr\/index.php?rest_route=\/wp\/v2\/pages\/556\/revisions\/3290"}],"wp:attachment":[{"href":"https:\/\/www.epilepsija.hr\/index.php?rest_route=%2Fwp%2Fv2%2Fmedia&parent=556"}],"curies":[{"name":"wp","href":"https:\/\/api.w.org\/{rel}","templated":true}]}}