{"id":437,"date":"2012-05-30T20:19:57","date_gmt":"2012-05-30T19:19:57","guid":{"rendered":"http:\/\/www.epilepsija.hr\/?page_id=437"},"modified":"2012-05-30T20:22:38","modified_gmt":"2012-05-30T19:22:38","slug":"dijete-i-epilepsija-2","status":"publish","type":"page","link":"https:\/\/www.epilepsija.hr\/?page_id=437","title":{"rendered":"Dijete i epilepsija"},"content":{"rendered":"<p><strong>Kako roditelji mogu pomo\u0107i?<\/strong><\/p>\n<p><a href=\"http:\/\/www.epilepsija.hr\/wp-content\/uploads\/2012\/05\/visibabe.png\"><img loading=\"lazy\" decoding=\"async\" class=\"alignright\" title=\"visibabe\" src=\"http:\/\/www.epilepsija.hr\/wp-content\/uploads\/2012\/05\/visibabe.png\" alt=\"\" width=\"442\" height=\"321\" \/><\/a><\/p>\n<p>Roditelji trebaju otvoreno razgovarati o epilepsiji, na\u010dinu lije\u010denja i<br \/>\nmogu\u0107im pote\u0161ko\u0107ama koje se mogu javiti. Otvorenost poma\u017ee ostalima razumjeti djetetovu bolest, njegovo pona\u0161anje i potrebe, i osigurava mu pomo\u0107<br \/>\nkad je to potrebno. Skrivanje bolesti dodatno poja\u010dava i ina\u010de jako izra\u017een<br \/>\nstrah od napadaja i gubitka kontrole pred drugima.<br \/>\nAko su se roditelji prilagodili na bolest, onda \u0107e je i dijete prihvatiti. Ako se<br \/>\nroditelji srame ili su izrazito tjeskobni zbog njegove bolesti i dijete \u0107e se sramiti<br \/>\ni biti pretjerano zabrinuto.<br \/>\n<strong>Savjeti roditeljima:<\/strong><br \/>\n&#8211; Pona\u0161ajte se prema svom djetetu jednako kao prije bolesti!<br \/>\n&#8211; Dopustite mu da sudjeluje u igri i aktivnostima primjerenim dobi kao i<br \/>\nprije bolesti!<br \/>\n&#8211; Poti\u010dite njegovu sigurnost u sebe i samopo\u0161tovanje nagla\u0161avaju\u0107i ono<br \/>\n\u0161to mo\u017ee!<br \/>\n&#8211; Dopustite mu da razvije samostalnost i neovisnost! Ne izolirajte ga<br \/>\ngovore\u0107i da je to za njegovo dobro. Sva djeca zaslu\u017euju iste prilike.<br \/>\nSuo\u010davanje sa strahom i neuspjehom je vrijedno iskustvo neophodno za<br \/>\nodrastanje i sazrijevanje.<br \/>\n&#8211; Razgovarajte s odgajateljima i nastavnicima o bolesti!<br \/>\n&#8211; Razjasnite koja su ograni\u010denja u svakodnevnom funkcioniranju i smanjite njihov broj samo na ona koja su neophodna!<br \/>\n&#8211; Budite iskreni i otvoreni s va\u0161im djetetom i okolinom!<\/p>\n","protected":false},"excerpt":{"rendered":"<p>Kako roditelji mogu pomo\u0107i? Roditelji trebaju otvoreno razgovarati o epilepsiji, na\u010dinu lije\u010denja i mogu\u0107im pote\u0161ko\u0107ama koje se mogu javiti. Otvorenost poma\u017ee ostalima razumjeti djetetovu bolest, njegovo pona\u0161anje i potrebe, i osigurava mu pomo\u0107 kad je to potrebno. Skrivanje bolesti dodatno poja\u010dava i ina\u010de jako izra\u017een strah od napadaja i gubitka kontrole pred drugima. Ako su &hellip; <a href=\"https:\/\/www.epilepsija.hr\/?page_id=437\" class=\"more-link\">Nastavi \u010ditati <span class=\"screen-reader-text\">Dijete i epilepsija<\/span> <span class=\"meta-nav\">&rarr;<\/span><\/a><\/p>\n","protected":false},"author":1,"featured_media":0,"parent":55,"menu_order":4,"comment_status":"closed","ping_status":"closed","template":"","meta":{"footnotes":""},"_links":{"self":[{"href":"https:\/\/www.epilepsija.hr\/index.php?rest_route=\/wp\/v2\/pages\/437"}],"collection":[{"href":"https:\/\/www.epilepsija.hr\/index.php?rest_route=\/wp\/v2\/pages"}],"about":[{"href":"https:\/\/www.epilepsija.hr\/index.php?rest_route=\/wp\/v2\/types\/page"}],"author":[{"embeddable":true,"href":"https:\/\/www.epilepsija.hr\/index.php?rest_route=\/wp\/v2\/users\/1"}],"replies":[{"embeddable":true,"href":"https:\/\/www.epilepsija.hr\/index.php?rest_route=%2Fwp%2Fv2%2Fcomments&post=437"}],"version-history":[{"count":5,"href":"https:\/\/www.epilepsija.hr\/index.php?rest_route=\/wp\/v2\/pages\/437\/revisions"}],"predecessor-version":[{"id":442,"href":"https:\/\/www.epilepsija.hr\/index.php?rest_route=\/wp\/v2\/pages\/437\/revisions\/442"}],"up":[{"embeddable":true,"href":"https:\/\/www.epilepsija.hr\/index.php?rest_route=\/wp\/v2\/pages\/55"}],"wp:attachment":[{"href":"https:\/\/www.epilepsija.hr\/index.php?rest_route=%2Fwp%2Fv2%2Fmedia&parent=437"}],"curies":[{"name":"wp","href":"https:\/\/api.w.org\/{rel}","templated":true}]}}