{"id":248,"date":"2012-01-28T18:36:19","date_gmt":"2012-01-28T17:36:19","guid":{"rendered":"http:\/\/www.epilepsija.hr\/?page_id=248"},"modified":"2012-05-05T09:10:45","modified_gmt":"2012-05-05T08:10:45","slug":"ljubicasti-dan","status":"publish","type":"page","link":"https:\/\/www.epilepsija.hr\/?page_id=248","title":{"rendered":"Ljubi\u010dasti dan"},"content":{"rendered":"<p><strong><span style=\"color: #9b74c1;\"><span style=\"color: #8841a9;\">26. o\u017eujka je &#8220;ljubi\u010dasti dan&#8221;, dan kad se \u0161irom svijeta ljubi\u010dastom bojom iskazuje solidarnost s osobama koje imaju epilepsiju<\/span>.<\/span><\/strong><\/p>\n<p align=\"justify\">\n<p>\u201eLjubi\u010dasti dan\u201c ili \u201ePurpl<span style=\"font-family: Arial;\"><a href=\"http:\/\/www.epilepsija.hr\/wp-content\/uploads\/2012\/01\/poster4.jpg\"><img loading=\"lazy\" decoding=\"async\" class=\"alignleft  wp-image-253\" title=\"poster4\" src=\"http:\/\/www.epilepsija.hr\/wp-content\/uploads\/2012\/01\/poster4.jpg\" alt=\"\" width=\"252\" height=\"378\" srcset=\"https:\/\/www.epilepsija.hr\/wp-content\/uploads\/2012\/01\/poster4.jpg 1512w, https:\/\/www.epilepsija.hr\/wp-content\/uploads\/2012\/01\/poster4-200x300.jpg 200w, https:\/\/www.epilepsija.hr\/wp-content\/uploads\/2012\/01\/poster4-682x1024.jpg 682w\" sizes=\"(max-width: 252px) 100vw, 252px\" \/><\/a><\/span>e day\u201c\u00a0 je dan pru\u017eanja podr\u0161ke osobama s epilepsijom. Obilje\u017eava se 26. o\u017eujka na svim\u00a0 kontinentima\u00a0 i u vi\u0161e od stotinu zemalja svijeta\u00a0 te je progla\u0161en najutjecajnijim me\u0111unarodnim danom u svrhu podizanja razine osvije\u0161tenosti o epilepsiji. Dan je osnovan 2008. godine inicijativom djevoj\u010dice Cassidy Megan, njenih roditelja i Udruge za epilepsiju iz Nove \u0160kotske u Kanadi.\u00a0 Zbog osje\u0107aja usamljenosti i nerazumijevanja, Cassidy koja je tada bila devetogodi\u0161nja djevoj\u010dica s epilepsijom, \u00a0izrazila je \u017eelju da svima govori o epilepsiji\u00a0 i da poka\u017ee kako se ljudi s epilepsijom ne razlikuju od drugih ljudi.\u00a0 Zbog navedenog je Cassidy odlu\u010dila otkriti kako ona u svoje slobodno vrijeme voli glumiti u reklamama i filmovima, igrati se vani sa svojim prijateljima, brinuti se o svojim ljubimcima i provoditi vrijeme sa svojom obitelji.\u00a0 Tijekom pro\u0161le \u010detiri godine Cassidyno lice se smije\u0161ilo sa tisu\u0107e plakata i slalo poruku \u201e \u017delim da ljudi znaju da nisi sam ako ima\u0161 epilepsiju!\u201c Stotine razli\u010ditih organizacija u razli\u010ditim zemljama svijeta su prepoznale vrijednost i va\u017enost te poruke i pridru\u017eile se obilje\u017eavanju manifestacije \u201eLjubi\u010dastog dana\u201c.\u00a0 26. o\u017eujka ljudi iz cijelog svijeta nose ljubi\u010dasto\u00a0 kako bi pru\u017eili podr\u0161ku osobama s epilepsijom, u mnogim \u0161kolama\u00a0 odr\u017eavaju se predavanja, organiziraju se koncerti, plesovi, ve\u010dere, \u0161etnje, utrke i drugi\u00a0 sportski doga\u0111aji obilje\u017eeni ljubi\u010dastom bojom i predmetima.\u00a0 Za obilje\u017eavanje dana izabrana je ljubi\u010dasta boja lavande koja je internacionalna boja epilepsije, a isto je tako povezana i s osje\u0107ajem usamljenosti koji se u\u010destalo javlja\u00a0 kao posljedica dru\u0161tvene stigmatizacije i izolacije osoba s epilepsijom. Kao poseban cilj ovogodi\u0161nje manifestacije \u201eLjubi\u010dastog dana\u201c, Cassidy je navela potrebu da se promijeni na\u010din prikazivanja epilepsije na televiziji, knjigama i u drugim medijima \u00a0gdje su epilepsija i \u017eivot osoba s epilepsijom prikazani na lo\u0161 na\u010din \u0161to jo\u0161 dodatno ote\u017eava nastojanje da se ljude ispravno educira o epilepsiji i kako pomo\u0107i osobi koja ima epilepti\u010dki napadaj. Detaljnije informacije o ranijim i predstoje\u0107im aktivnostima i doga\u0111anjima dostupne su na slu\u017ebenim stranicama \u201ePurple day-a\u201c na <a href=\"http:\/\/www.purpleday.org\/\">http:\/\/www.purpleday.org\/<\/a> ,\u00a0 a zainteresirani se mogu pridru\u017eiti i Facebook grupi na <a href=\"http:\/\/www.facebook.com\/group.php?gid=10329539404\">http:\/\/www.facebook.com\/group.php?gid=10329539404<\/a> .<\/p>\n<p align=\"justify\">\n<p>Hrvatska se 2010. godine po prvi puta uklju\u010dila u organiziranje manifestacije \u201eLjubi\u010dastog dana\u201c \u00a0djelovanjem Hrvatske udruge za epilepsiju i Referentnog centra za epilepsiju Ministarstva zdravlja Republike Hrvatske. Godine 2010. su organizirana predavanja i doga\u0111anja u dvije zagreba\u010dke nastavne ustanove, dok je 2011. godine akcija pro\u0161irena i uklju\u010divanjem lije\u010dnika Klinike za pedijatriju KBC Zagreb i Klinike za neurologiju KBC Osijek. Predavanja su odr\u017eana u nekoliko osnovnih i srednjih \u0161kola u Zagrebu, u dje\u010djem vrti\u0107u Marku\u0161evec, Klinici za pedijatriju KBC Zagreb, Sredi\u0161njem hitnom prijemu KB \u201eSveti Duh\u201c u Zagrebu te na Medicinskom fakultetu u Osijeku.\u00a0 U\u010denici navedenih \u0161kola i ostali sudionici su pripremili prigodne ljubi\u010daste ukrase i postere. Hrvatska udruga za epilepsiju je osmislila i \u0161tampala letak u svrhu edukacije populacije o epilepsiji i potrebe poznavanja osnovnih postupaka \u0161to u\u010diniti kada osoba ima epilepti\u010dki napadaj (<a href=\"http:\/\/www.epilepsija.hr\/wp-content\/uploads\/2012\/01\/LETAK-2011.ppt\">letak<\/a>). Pozivamo Vas da nam se pridru\u017eite aktivnim sudjelovanjem i da no\u0161enjem ljubi\u010dastog \u00a0kod ku\u0107e, u \u0161koli ili na radnom mjestu 26. o\u017eujka, pru\u017eite podr\u0161ku osobama s epilepsijom priklanjaju\u0107i se na\u0161em sloganu: \u201e\u0160irenjem znanja o epilepsiji, ru\u0161imo predrasude!\u201c.<\/p>\n<h3 align=\"justify\">Dje\u010dji vrti\u0107 Marku\u0161evec<\/h3>\n<p style=\"text-align: center;\">[nggallery id=3]<\/p>\n<p><span style=\"color: #ffffff;\">1<\/span><\/p>\n<p><span style=\"color: #ffffff;\">1<\/span><\/p>\n<h3>Osnovna \u0161kola Josipa Jurja Strossmayera<\/h3>\n<p style=\"text-align: center;\">[nggallery id=4]<\/p>\n<h3 style=\"text-align: left;\"><span style=\"color: #ffffff;\">1<\/span><\/h3>\n<h3 style=\"text-align: left;\">\u0160kola za primalje Zagreb<\/h3>\n<p>[nggallery id=5]<\/p>\n<p align=\"justify\">\n","protected":false},"excerpt":{"rendered":"<p>26. o\u017eujka je &#8220;ljubi\u010dasti dan&#8221;, dan kad se \u0161irom svijeta ljubi\u010dastom bojom iskazuje solidarnost s osobama koje imaju epilepsiju. \u201eLjubi\u010dasti dan\u201c ili \u201ePurple day\u201c\u00a0 je dan pru\u017eanja podr\u0161ke osobama s epilepsijom. Obilje\u017eava se 26. o\u017eujka na svim\u00a0 kontinentima\u00a0 i u vi\u0161e od stotinu zemalja svijeta\u00a0 te je progla\u0161en najutjecajnijim me\u0111unarodnim danom u svrhu podizanja razine &hellip; <a href=\"https:\/\/www.epilepsija.hr\/?page_id=248\" class=\"more-link\">Nastavi \u010ditati <span class=\"screen-reader-text\">Ljubi\u010dasti dan<\/span> <span class=\"meta-nav\">&rarr;<\/span><\/a><\/p>\n","protected":false},"author":1,"featured_media":0,"parent":100,"menu_order":0,"comment_status":"closed","ping_status":"closed","template":"","meta":{"footnotes":""},"_links":{"self":[{"href":"https:\/\/www.epilepsija.hr\/index.php?rest_route=\/wp\/v2\/pages\/248"}],"collection":[{"href":"https:\/\/www.epilepsija.hr\/index.php?rest_route=\/wp\/v2\/pages"}],"about":[{"href":"https:\/\/www.epilepsija.hr\/index.php?rest_route=\/wp\/v2\/types\/page"}],"author":[{"embeddable":true,"href":"https:\/\/www.epilepsija.hr\/index.php?rest_route=\/wp\/v2\/users\/1"}],"replies":[{"embeddable":true,"href":"https:\/\/www.epilepsija.hr\/index.php?rest_route=%2Fwp%2Fv2%2Fcomments&post=248"}],"version-history":[{"count":23,"href":"https:\/\/www.epilepsija.hr\/index.php?rest_route=\/wp\/v2\/pages\/248\/revisions"}],"predecessor-version":[{"id":3294,"href":"https:\/\/www.epilepsija.hr\/index.php?rest_route=\/wp\/v2\/pages\/248\/revisions\/3294"}],"up":[{"embeddable":true,"href":"https:\/\/www.epilepsija.hr\/index.php?rest_route=\/wp\/v2\/pages\/100"}],"wp:attachment":[{"href":"https:\/\/www.epilepsija.hr\/index.php?rest_route=%2Fwp%2Fv2%2Fmedia&parent=248"}],"curies":[{"name":"wp","href":"https:\/\/api.w.org\/{rel}","templated":true}]}}