{"id":157,"date":"2012-01-25T18:11:18","date_gmt":"2012-01-25T17:11:18","guid":{"rendered":"http:\/\/www.epilepsija.hr\/?page_id=157"},"modified":"2018-12-14T18:17:11","modified_gmt":"2018-12-14T17:17:11","slug":"kampovi","status":"publish","type":"page","link":"https:\/\/www.epilepsija.hr\/?page_id=157","title":{"rendered":"Kampovi"},"content":{"rendered":"<p>Pod pokroviteljstvom <a title=\"Gradski ured\" href=\"http:\/\/www.zagreb.hr\/default.aspx?id=491\" target=\"_blank\">Gradskog ureda za zdravstvo Grada Zagreba<\/a>, Hrvatska udruga za epilepsiju organizira edukacijsko-rekreacijske kampove za djecu s epilepsijom.<\/p>\n<p align=\"left\">Osnovni cilj kampa je\u00a0u sigurnom okru\u017eenju omogu\u0107iti djeci interakcije s vr\u0161njacima koje unapre\u0111uju osje\u0107aj samopouzdanja, daju iskustvo \u0161to se sve mo\u017ee posti\u0107i unato\u010d bolesti te poma\u017eu u razvijanju navika koje \u0107e biti korisne kad se polaznici vrate ku\u0107i.<\/p>\n<p align=\"left\">Aktivnosti u kampu obuhva\u0107aju edukativne aktivnosti (sa lije\u010dnikom i psihologom), zabavne i sportske aktivnosti te kreativne radionice.<\/p>\n<p align=\"left\">Voditelji kampa su lije\u010dnik, psiholog, medicinske sestre i volonteri (studenti i u\u010denici).<\/p>\n<p align=\"left\">Do sada je odr\u017eano 7 kampova, 2010.g. u Fu\u017einama, te 2011., 2012., 2013. \u00a0i 2014. god. u Selcu te 2017. i 2018. god. na Sljemenu.<\/p>\n<h3 style=\"text-align: center;\" align=\"left\">\u00a0 \u00a0Fu\u017eine 8.-12.10.2010.<\/h3>\n<p><span style=\"color: #000000;\">[nggallery id=8]<\/span><\/p>\n<h3 style=\"text-align: center;\" align=\"left\">Selce 20.-27.6.2011.<\/h3>\n<p><span style=\"color: #000000;\">[nggallery id=1]<\/span><\/p>\n<h3 align=\"left\"><strong>\u00a0 \u00a0 \u00a0 \u00a0 \u00a0 \u00a0 \u00a0 \u00a0 \u00a0 \u00a0 \u00a0 \u00a0 \u00a0 \u00a0 \u00a0\u00a0<\/strong><strong>Selce 2013<\/strong>.<\/h3>\n<p align=\"left\"><span style=\"color: #ffffff;\">1<\/span><\/p>\n<p align=\"left\"><span style=\"color: #ffffff;\">1<a href=\"http:\/\/www.epilepsija.hr\/wp-content\/uploads\/Selce_8_7_2013.jpg\"><img loading=\"lazy\" decoding=\"async\" class=\"alignright size-medium wp-image-760\" src=\"http:\/\/www.epilepsija.hr\/wp-content\/uploads\/Selce_8_7_2013-300x225.jpg\" alt=\"OLYMPUS DIGITAL CAMERA\" width=\"300\" height=\"225\" srcset=\"https:\/\/www.epilepsija.hr\/wp-content\/uploads\/Selce_8_7_2013-300x225.jpg 300w, https:\/\/www.epilepsija.hr\/wp-content\/uploads\/Selce_8_7_2013.jpg 425w\" sizes=\"(max-width: 300px) 100vw, 300px\" \/><\/a> <a href=\"http:\/\/www.epilepsija.hr\/wp-content\/uploads\/Selce_1_7_2013.jpg\"><img loading=\"lazy\" decoding=\"async\" class=\"alignright size-medium wp-image-761\" src=\"http:\/\/www.epilepsija.hr\/wp-content\/uploads\/Selce_1_7_2013-300x224.jpg\" alt=\"Selce_1_7_2013\" width=\"300\" height=\"224\" srcset=\"https:\/\/www.epilepsija.hr\/wp-content\/uploads\/Selce_1_7_2013-300x224.jpg 300w, https:\/\/www.epilepsija.hr\/wp-content\/uploads\/Selce_1_7_2013-1024x767.jpg 1024w, https:\/\/www.epilepsija.hr\/wp-content\/uploads\/Selce_1_7_2013.jpg 1063w\" sizes=\"(max-width: 300px) 100vw, 300px\" \/><\/a> <a href=\"http:\/\/www.epilepsija.hr\/wp-content\/uploads\/Selce_1_7_2013b.jpg\"><img loading=\"lazy\" decoding=\"async\" class=\"alignright size-medium wp-image-762\" src=\"http:\/\/www.epilepsija.hr\/wp-content\/uploads\/Selce_1_7_2013b-300x225.jpg\" alt=\"OLYMPUS DIGITAL CAMERA\" width=\"300\" height=\"225\" srcset=\"https:\/\/www.epilepsija.hr\/wp-content\/uploads\/Selce_1_7_2013b-300x225.jpg 300w, https:\/\/www.epilepsija.hr\/wp-content\/uploads\/Selce_1_7_2013b.jpg 425w\" sizes=\"(max-width: 300px) 100vw, 300px\" \/><\/a> <a href=\"http:\/\/www.epilepsija.hr\/wp-content\/uploads\/Selce_2_7_2013.jpg\"><img loading=\"lazy\" decoding=\"async\" class=\"alignright size-medium wp-image-763\" src=\"http:\/\/www.epilepsija.hr\/wp-content\/uploads\/Selce_2_7_2013-300x225.jpg\" alt=\"OLYMPUS DIGITAL CAMERA\" width=\"300\" height=\"225\" srcset=\"https:\/\/www.epilepsija.hr\/wp-content\/uploads\/Selce_2_7_2013-300x225.jpg 300w, https:\/\/www.epilepsija.hr\/wp-content\/uploads\/Selce_2_7_2013.jpg 425w\" sizes=\"(max-width: 300px) 100vw, 300px\" \/><\/a> <a href=\"http:\/\/www.epilepsija.hr\/wp-content\/uploads\/Selce_2_7_2013b.jpg\"><img loading=\"lazy\" decoding=\"async\" class=\"alignright size-medium wp-image-764\" src=\"http:\/\/www.epilepsija.hr\/wp-content\/uploads\/Selce_2_7_2013b-300x225.jpg\" alt=\"OLYMPUS DIGITAL CAMERA\" width=\"300\" height=\"225\" srcset=\"https:\/\/www.epilepsija.hr\/wp-content\/uploads\/Selce_2_7_2013b-300x225.jpg 300w, https:\/\/www.epilepsija.hr\/wp-content\/uploads\/Selce_2_7_2013b.jpg 425w\" sizes=\"(max-width: 300px) 100vw, 300px\" \/><\/a> <a href=\"http:\/\/www.epilepsija.hr\/wp-content\/uploads\/Selce_3_7_2013.jpg\"><img loading=\"lazy\" decoding=\"async\" class=\"alignright size-medium wp-image-765\" src=\"http:\/\/www.epilepsija.hr\/wp-content\/uploads\/Selce_3_7_2013-300x224.jpg\" alt=\"Selce_3_7_2013\" width=\"300\" height=\"224\" srcset=\"https:\/\/www.epilepsija.hr\/wp-content\/uploads\/Selce_3_7_2013-300x224.jpg 300w, https:\/\/www.epilepsija.hr\/wp-content\/uploads\/Selce_3_7_2013-1024x767.jpg 1024w, https:\/\/www.epilepsija.hr\/wp-content\/uploads\/Selce_3_7_2013.jpg 1063w\" sizes=\"(max-width: 300px) 100vw, 300px\" \/><\/a> <a href=\"http:\/\/www.epilepsija.hr\/wp-content\/uploads\/Selce_3_7_2013b.jpg\"><img loading=\"lazy\" decoding=\"async\" class=\"alignright size-medium wp-image-766\" src=\"http:\/\/www.epilepsija.hr\/wp-content\/uploads\/Selce_3_7_2013b-300x224.jpg\" alt=\"Selce_3_7_2013b\" width=\"300\" height=\"224\" srcset=\"https:\/\/www.epilepsija.hr\/wp-content\/uploads\/Selce_3_7_2013b-300x224.jpg 300w, https:\/\/www.epilepsija.hr\/wp-content\/uploads\/Selce_3_7_2013b-1024x767.jpg 1024w, https:\/\/www.epilepsija.hr\/wp-content\/uploads\/Selce_3_7_2013b.jpg 1063w\" sizes=\"(max-width: 300px) 100vw, 300px\" \/><\/a> <a href=\"http:\/\/www.epilepsija.hr\/wp-content\/uploads\/Selce_3_7_2013c.jpg\"><img loading=\"lazy\" decoding=\"async\" class=\"alignright size-medium wp-image-767\" src=\"http:\/\/www.epilepsija.hr\/wp-content\/uploads\/Selce_3_7_2013c-300x225.jpg\" alt=\"OLYMPUS DIGITAL CAMERA\" width=\"300\" height=\"225\" srcset=\"https:\/\/www.epilepsija.hr\/wp-content\/uploads\/Selce_3_7_2013c-300x225.jpg 300w, https:\/\/www.epilepsija.hr\/wp-content\/uploads\/Selce_3_7_2013c.jpg 425w\" sizes=\"(max-width: 300px) 100vw, 300px\" \/><\/a> <a href=\"http:\/\/www.epilepsija.hr\/wp-content\/uploads\/Selce_3_7_2013d.jpg\"><img loading=\"lazy\" decoding=\"async\" class=\"alignright size-medium wp-image-768\" src=\"http:\/\/www.epilepsija.hr\/wp-content\/uploads\/Selce_3_7_2013d-300x225.jpg\" alt=\"OLYMPUS DIGITAL CAMERA\" width=\"300\" height=\"225\" srcset=\"https:\/\/www.epilepsija.hr\/wp-content\/uploads\/Selce_3_7_2013d-300x225.jpg 300w, https:\/\/www.epilepsija.hr\/wp-content\/uploads\/Selce_3_7_2013d.jpg 425w\" sizes=\"(max-width: 300px) 100vw, 300px\" \/><\/a> <a href=\"http:\/\/www.epilepsija.hr\/wp-content\/uploads\/Selce_4_7_2013.jpg\"><img loading=\"lazy\" decoding=\"async\" class=\"alignright size-medium wp-image-769\" src=\"http:\/\/www.epilepsija.hr\/wp-content\/uploads\/Selce_4_7_2013-300x224.jpg\" alt=\"Selce_4_7_2013\" width=\"300\" height=\"224\" srcset=\"https:\/\/www.epilepsija.hr\/wp-content\/uploads\/Selce_4_7_2013-300x224.jpg 300w, https:\/\/www.epilepsija.hr\/wp-content\/uploads\/Selce_4_7_2013-1024x767.jpg 1024w, https:\/\/www.epilepsija.hr\/wp-content\/uploads\/Selce_4_7_2013.jpg 1063w\" sizes=\"(max-width: 300px) 100vw, 300px\" \/><\/a> <a href=\"http:\/\/www.epilepsija.hr\/wp-content\/uploads\/Selce_4_7_2013b.jpg\"><img loading=\"lazy\" decoding=\"async\" class=\"alignright size-medium wp-image-770\" src=\"http:\/\/www.epilepsija.hr\/wp-content\/uploads\/Selce_4_7_2013b-300x224.jpg\" alt=\"Selce_4_7_2013b\" width=\"300\" height=\"224\" srcset=\"https:\/\/www.epilepsija.hr\/wp-content\/uploads\/Selce_4_7_2013b-300x224.jpg 300w, https:\/\/www.epilepsija.hr\/wp-content\/uploads\/Selce_4_7_2013b-1024x767.jpg 1024w, https:\/\/www.epilepsija.hr\/wp-content\/uploads\/Selce_4_7_2013b.jpg 1063w\" sizes=\"(max-width: 300px) 100vw, 300px\" \/><\/a> <a href=\"http:\/\/www.epilepsija.hr\/wp-content\/uploads\/Selce_4_7_2013c.jpg\"><img loading=\"lazy\" decoding=\"async\" class=\"alignright size-medium wp-image-771\" src=\"http:\/\/www.epilepsija.hr\/wp-content\/uploads\/Selce_4_7_2013c-300x224.jpg\" alt=\"Selce_4_7_2013c\" width=\"300\" height=\"224\" srcset=\"https:\/\/www.epilepsija.hr\/wp-content\/uploads\/Selce_4_7_2013c-300x224.jpg 300w, https:\/\/www.epilepsija.hr\/wp-content\/uploads\/Selce_4_7_2013c-1024x767.jpg 1024w, https:\/\/www.epilepsija.hr\/wp-content\/uploads\/Selce_4_7_2013c.jpg 1063w\" sizes=\"(max-width: 300px) 100vw, 300px\" \/><\/a> <a href=\"http:\/\/www.epilepsija.hr\/wp-content\/uploads\/Selce_4_7_2013d.jpg\"><img loading=\"lazy\" decoding=\"async\" class=\"alignright size-medium wp-image-772\" src=\"http:\/\/www.epilepsija.hr\/wp-content\/uploads\/Selce_4_7_2013d-300x224.jpg\" alt=\"Selce_4_7_2013d\" width=\"300\" height=\"224\" srcset=\"https:\/\/www.epilepsija.hr\/wp-content\/uploads\/Selce_4_7_2013d-300x224.jpg 300w, https:\/\/www.epilepsija.hr\/wp-content\/uploads\/Selce_4_7_2013d-1024x767.jpg 1024w, https:\/\/www.epilepsija.hr\/wp-content\/uploads\/Selce_4_7_2013d.jpg 1063w\" sizes=\"(max-width: 300px) 100vw, 300px\" \/><\/a> <a href=\"http:\/\/www.epilepsija.hr\/wp-content\/uploads\/Selce_4_7_2013e.jpg\"><img loading=\"lazy\" decoding=\"async\" class=\"alignright size-medium wp-image-773\" src=\"http:\/\/www.epilepsija.hr\/wp-content\/uploads\/Selce_4_7_2013e-300x224.jpg\" alt=\"Selce_4_7_2013e\" width=\"300\" height=\"224\" srcset=\"https:\/\/www.epilepsija.hr\/wp-content\/uploads\/Selce_4_7_2013e-300x224.jpg 300w, https:\/\/www.epilepsija.hr\/wp-content\/uploads\/Selce_4_7_2013e-1024x767.jpg 1024w, https:\/\/www.epilepsija.hr\/wp-content\/uploads\/Selce_4_7_2013e.jpg 1063w\" sizes=\"(max-width: 300px) 100vw, 300px\" \/><\/a> <a href=\"http:\/\/www.epilepsija.hr\/wp-content\/uploads\/Selce_4_7_2013f.jpg\"><img loading=\"lazy\" decoding=\"async\" class=\"alignright size-medium wp-image-774\" src=\"http:\/\/www.epilepsija.hr\/wp-content\/uploads\/Selce_4_7_2013f-300x224.jpg\" alt=\"Selce_4_7_2013f\" width=\"300\" height=\"224\" srcset=\"https:\/\/www.epilepsija.hr\/wp-content\/uploads\/Selce_4_7_2013f-300x224.jpg 300w, https:\/\/www.epilepsija.hr\/wp-content\/uploads\/Selce_4_7_2013f-1024x767.jpg 1024w, https:\/\/www.epilepsija.hr\/wp-content\/uploads\/Selce_4_7_2013f.jpg 1063w\" sizes=\"(max-width: 300px) 100vw, 300px\" \/><\/a> <a href=\"http:\/\/www.epilepsija.hr\/wp-content\/uploads\/Selce_5_7_2013a.jpg\"><img loading=\"lazy\" decoding=\"async\" class=\"alignright size-medium wp-image-775\" src=\"http:\/\/www.epilepsija.hr\/wp-content\/uploads\/Selce_5_7_2013a-300x225.jpg\" alt=\"OLYMPUS DIGITAL CAMERA\" width=\"300\" height=\"225\" srcset=\"https:\/\/www.epilepsija.hr\/wp-content\/uploads\/Selce_5_7_2013a-300x225.jpg 300w, https:\/\/www.epilepsija.hr\/wp-content\/uploads\/Selce_5_7_2013a.jpg 425w\" sizes=\"(max-width: 300px) 100vw, 300px\" \/><\/a> <a href=\"http:\/\/www.epilepsija.hr\/wp-content\/uploads\/Selce_5_7_2013b.jpg\"><img loading=\"lazy\" decoding=\"async\" class=\"alignright size-medium wp-image-776\" src=\"http:\/\/www.epilepsija.hr\/wp-content\/uploads\/Selce_5_7_2013b-300x225.jpg\" alt=\"OLYMPUS DIGITAL CAMERA\" width=\"300\" height=\"225\" srcset=\"https:\/\/www.epilepsija.hr\/wp-content\/uploads\/Selce_5_7_2013b-300x225.jpg 300w, https:\/\/www.epilepsija.hr\/wp-content\/uploads\/Selce_5_7_2013b.jpg 425w\" sizes=\"(max-width: 300px) 100vw, 300px\" \/><\/a> <a href=\"http:\/\/www.epilepsija.hr\/wp-content\/uploads\/Selce_6_7_2013.jpg\"><img loading=\"lazy\" decoding=\"async\" class=\"alignright size-medium wp-image-777\" src=\"http:\/\/www.epilepsija.hr\/wp-content\/uploads\/Selce_6_7_2013-300x225.jpg\" alt=\"OLYMPUS DIGITAL CAMERA\" width=\"300\" height=\"225\" srcset=\"https:\/\/www.epilepsija.hr\/wp-content\/uploads\/Selce_6_7_2013-300x225.jpg 300w, https:\/\/www.epilepsija.hr\/wp-content\/uploads\/Selce_6_7_2013.jpg 425w\" sizes=\"(max-width: 300px) 100vw, 300px\" \/><\/a> <a href=\"http:\/\/www.epilepsija.hr\/wp-content\/uploads\/Selce_6_7_2013b.jpg\"><img loading=\"lazy\" decoding=\"async\" class=\"alignright size-medium wp-image-778\" src=\"http:\/\/www.epilepsija.hr\/wp-content\/uploads\/Selce_6_7_2013b-300x225.jpg\" alt=\"OLYMPUS DIGITAL CAMERA\" width=\"300\" height=\"225\" srcset=\"https:\/\/www.epilepsija.hr\/wp-content\/uploads\/Selce_6_7_2013b-300x225.jpg 300w, https:\/\/www.epilepsija.hr\/wp-content\/uploads\/Selce_6_7_2013b.jpg 425w\" sizes=\"(max-width: 300px) 100vw, 300px\" \/><\/a> <a href=\"http:\/\/www.epilepsija.hr\/wp-content\/uploads\/Selce_6_7_2013c.jpg\"><img loading=\"lazy\" decoding=\"async\" class=\"alignright size-medium wp-image-779\" src=\"http:\/\/www.epilepsija.hr\/wp-content\/uploads\/Selce_6_7_2013c-300x225.jpg\" alt=\"OLYMPUS DIGITAL CAMERA\" width=\"300\" height=\"225\" srcset=\"https:\/\/www.epilepsija.hr\/wp-content\/uploads\/Selce_6_7_2013c-300x225.jpg 300w, https:\/\/www.epilepsija.hr\/wp-content\/uploads\/Selce_6_7_2013c.jpg 425w\" sizes=\"(max-width: 300px) 100vw, 300px\" \/><\/a> <a href=\"http:\/\/www.epilepsija.hr\/wp-content\/uploads\/Selce_6_7_2013d.jpg\"><img loading=\"lazy\" decoding=\"async\" class=\"alignright size-medium wp-image-780\" src=\"http:\/\/www.epilepsija.hr\/wp-content\/uploads\/Selce_6_7_2013d-300x225.jpg\" alt=\"OLYMPUS DIGITAL CAMERA\" width=\"300\" height=\"225\" srcset=\"https:\/\/www.epilepsija.hr\/wp-content\/uploads\/Selce_6_7_2013d-300x225.jpg 300w, https:\/\/www.epilepsija.hr\/wp-content\/uploads\/Selce_6_7_2013d.jpg 425w\" sizes=\"(max-width: 300px) 100vw, 300px\" \/><\/a> <a href=\"http:\/\/www.epilepsija.hr\/wp-content\/uploads\/Selce_6_7_2013e.jpg\"><img loading=\"lazy\" decoding=\"async\" class=\"alignright size-medium wp-image-781\" src=\"http:\/\/www.epilepsija.hr\/wp-content\/uploads\/Selce_6_7_2013e-300x225.jpg\" alt=\"OLYMPUS DIGITAL CAMERA\" width=\"300\" height=\"225\" srcset=\"https:\/\/www.epilepsija.hr\/wp-content\/uploads\/Selce_6_7_2013e-300x225.jpg 300w, https:\/\/www.epilepsija.hr\/wp-content\/uploads\/Selce_6_7_2013e.jpg 425w\" sizes=\"(max-width: 300px) 100vw, 300px\" \/><\/a> <a href=\"http:\/\/www.epilepsija.hr\/wp-content\/uploads\/Selce_6_7_2013f.jpg\"><img loading=\"lazy\" decoding=\"async\" class=\"alignright size-medium wp-image-782\" src=\"http:\/\/www.epilepsija.hr\/wp-content\/uploads\/Selce_6_7_2013f-300x225.jpg\" alt=\"OLYMPUS DIGITAL CAMERA\" width=\"300\" height=\"225\" srcset=\"https:\/\/www.epilepsija.hr\/wp-content\/uploads\/Selce_6_7_2013f-300x225.jpg 300w, https:\/\/www.epilepsija.hr\/wp-content\/uploads\/Selce_6_7_2013f.jpg 425w\" sizes=\"(max-width: 300px) 100vw, 300px\" \/><\/a> <a href=\"http:\/\/www.epilepsija.hr\/wp-content\/uploads\/Selce_6_7_2013g.jpg\"><img loading=\"lazy\" decoding=\"async\" class=\"alignright size-medium wp-image-783\" src=\"http:\/\/www.epilepsija.hr\/wp-content\/uploads\/Selce_6_7_2013g-300x225.jpg\" alt=\"OLYMPUS DIGITAL CAMERA\" width=\"300\" height=\"225\" srcset=\"https:\/\/www.epilepsija.hr\/wp-content\/uploads\/Selce_6_7_2013g-300x225.jpg 300w, https:\/\/www.epilepsija.hr\/wp-content\/uploads\/Selce_6_7_2013g.jpg 425w\" sizes=\"(max-width: 300px) 100vw, 300px\" \/><\/a> <a href=\"http:\/\/www.epilepsija.hr\/wp-content\/uploads\/Selce_6_7_2013h.jpg\"><img loading=\"lazy\" decoding=\"async\" class=\"alignright size-medium wp-image-784\" src=\"http:\/\/www.epilepsija.hr\/wp-content\/uploads\/Selce_6_7_2013h-300x225.jpg\" alt=\"OLYMPUS DIGITAL CAMERA\" width=\"300\" height=\"225\" srcset=\"https:\/\/www.epilepsija.hr\/wp-content\/uploads\/Selce_6_7_2013h-300x225.jpg 300w, https:\/\/www.epilepsija.hr\/wp-content\/uploads\/Selce_6_7_2013h.jpg 425w\" sizes=\"(max-width: 300px) 100vw, 300px\" \/><\/a> <a href=\"http:\/\/www.epilepsija.hr\/wp-content\/uploads\/Selce_7_7_2013a.jpg\"><img loading=\"lazy\" decoding=\"async\" class=\"alignright size-medium wp-image-786\" src=\"http:\/\/www.epilepsija.hr\/wp-content\/uploads\/Selce_7_7_2013a-300x225.jpg\" alt=\"OLYMPUS DIGITAL CAMERA\" width=\"300\" height=\"225\" srcset=\"https:\/\/www.epilepsija.hr\/wp-content\/uploads\/Selce_7_7_2013a-300x225.jpg 300w, https:\/\/www.epilepsija.hr\/wp-content\/uploads\/Selce_7_7_2013a.jpg 425w\" sizes=\"(max-width: 300px) 100vw, 300px\" \/><\/a><\/span><\/p>\n<h3 style=\"text-align: center;\" align=\"left\"><\/h3>\n<p>&nbsp;<\/p>\n<h3 align=\"left\"><\/h3>\n<h3 align=\"left\"><strong>\u00a0 \u00a0 \u00a0 \u00a0 \u00a0 \u00a0 \u00a0 \u00a0 \u00a0 \u00a0 \u00a0 \u00a0 \u00a0 \u00a0 \u00a0 \u00a0Selce 2014.\u00a0<\/strong><\/h3>\n<p align=\"left\">[slideshow id=31]<\/p>\n<h3 style=\"text-align: center;\" align=\"left\">Sljeme 19.-23.12.2017.<\/h3>\n<p>&nbsp;<\/p>\n<p><img decoding=\"async\" class=\"ngg_displayed_gallery mceItem\" src=\"http:\/\/www.epilepsija.hr\/index.php\/nextgen-attach_to_post\/preview\/id--2423\" alt=\"\" data-mce-placeholder=\"1\" \/><\/p>\n<p>&nbsp;<\/p>\n<p>&nbsp;<\/p>\n<h3 style=\"text-align: center;\" align=\"left\">Sljeme 19.-24.11.2018.<\/h3>\n<p><img decoding=\"async\" class=\"ngg_displayed_gallery mceItem\" src=\"http:\/\/www.epilepsija.hr\/index.php\/nextgen-attach_to_post\/preview\/id--2959\" alt=\"\" data-mce-placeholder=\"1\" \/><\/p>\n","protected":false},"excerpt":{"rendered":"<p>Pod pokroviteljstvom Gradskog ureda za zdravstvo Grada Zagreba, Hrvatska udruga za epilepsiju organizira edukacijsko-rekreacijske kampove za djecu s epilepsijom. Osnovni cilj kampa je\u00a0u sigurnom okru\u017eenju omogu\u0107iti djeci interakcije s vr\u0161njacima koje unapre\u0111uju osje\u0107aj samopouzdanja, daju iskustvo \u0161to se sve mo\u017ee posti\u0107i unato\u010d bolesti te poma\u017eu u razvijanju navika koje \u0107e biti korisne kad se polaznici &hellip; <a href=\"https:\/\/www.epilepsija.hr\/?page_id=157\" class=\"more-link\">Nastavi \u010ditati <span class=\"screen-reader-text\">Kampovi<\/span> <span class=\"meta-nav\">&rarr;<\/span><\/a><\/p>\n","protected":false},"author":1,"featured_media":0,"parent":100,"menu_order":0,"comment_status":"closed","ping_status":"closed","template":"","meta":{"footnotes":""},"_links":{"self":[{"href":"https:\/\/www.epilepsija.hr\/index.php?rest_route=\/wp\/v2\/pages\/157"}],"collection":[{"href":"https:\/\/www.epilepsija.hr\/index.php?rest_route=\/wp\/v2\/pages"}],"about":[{"href":"https:\/\/www.epilepsija.hr\/index.php?rest_route=\/wp\/v2\/types\/page"}],"author":[{"embeddable":true,"href":"https:\/\/www.epilepsija.hr\/index.php?rest_route=\/wp\/v2\/users\/1"}],"replies":[{"embeddable":true,"href":"https:\/\/www.epilepsija.hr\/index.php?rest_route=%2Fwp%2Fv2%2Fcomments&post=157"}],"version-history":[{"count":46,"href":"https:\/\/www.epilepsija.hr\/index.php?rest_route=\/wp\/v2\/pages\/157\/revisions"}],"predecessor-version":[{"id":2965,"href":"https:\/\/www.epilepsija.hr\/index.php?rest_route=\/wp\/v2\/pages\/157\/revisions\/2965"}],"up":[{"embeddable":true,"href":"https:\/\/www.epilepsija.hr\/index.php?rest_route=\/wp\/v2\/pages\/100"}],"wp:attachment":[{"href":"https:\/\/www.epilepsija.hr\/index.php?rest_route=%2Fwp%2Fv2%2Fmedia&parent=157"}],"curies":[{"name":"wp","href":"https:\/\/api.w.org\/{rel}","templated":true}]}}